rime?
False
Is 25646349727 a composite number?
False
Is 132402167 a composite number?
False
Is 388175867 prime?
False
Is 698635573 a prime number?
False
Is 8691941066 prime?
False
Is 9929462789 a composite number?
True
Is 5182438307 composite?
False
Is 1148599099 prime?
True
Is 2453840239 a prime number?
True
Is 577179709 a composite number?
False
Is 66450481 a prime number?
True
Is 111009911086 a composite number?
True
Is 87781114 a prime number?
False
Is 143173453 a prime number?
False
Is 18464050361 prime?
True
Is 827039113 prime?
False
Is 998058869 a composite number?
False
Is 1514388119 a composite number?
True
Is 93012811753 composite?
False
Is 80044840241 a prime number?
True
Is 3554660311 a composite number?
False
Is 41345428561 composite?
True
Is 354424303 prime?
False
Is 139697123 a composite number?
True
Is 4818669691 composite?
True
Is 771259318 a prime number?
False
Is 104272481 a composite number?
True
Is 104453520923 a composite number?
False
Is 2864323367 prime?
True
Is 2248852629 a composite number?
True
Is 1140527251 prime?
True
Is 92730713 composite?
True
Is 1441014953 prime?
False
Is 629029681 a prime number?
False
Is 514214069 prime?
True
Is 386060761 a composite number?
False
Is 219599773 composite?
True
Is 4384922401 a prime number?
False
Is 1458862739 composite?
False
Is 310784597 a composite number?
False
Is 811238033 prime?
False
Is 26559702821 a prime number?
True
Is 9482432701 prime?
False
Is 276120617 prime?
True
Is 312057563 a composite number?
True
Is 22396418971 prime?
True
Is 2289055477 a prime number?
False
Is 27561307819 composite?
True
Is 33517388941 a prime number?
True
Is 8220058241 composite?
False
Is 30483667 a composite number?
False
Is 4617191363 composite?
False
Is 39303587 a prime number?
True
Is 880575133 a composite number?
False
Is 3119650921 a prime number?
True
Is 43010387977 composite?
False
Is 825267631 composite?
True
Is 306922423 composite?
False
Is 31547624347 composite?
False
Is 424776423 composite?
True
Is 9876854965 a composite number?
True
Is 12377496433 prime?
True
Is 14473010519 a prime number?
False
Is 2586698039 a prime number?
True
Is 21347224879 composite?
False
Is 31816421717 prime?
True
Is 8049781423 a prime number?
False
Is 1320313831 a prime number?
True
Is 3078034373 composite?
False
Is 3350226211 a composite number?
False
Is 2299454177 a composite number?
False
Is 4054444033 prime?
False
Is 11368556317 a prime number?
True
Is 15677694287 a composite number?
True
Is 191241443 a composite number?
False
Is 947118539 prime?
False
Is 372174919 composite?
False
Is 2048693033 a prime number?
True
Is 23149995467 prime?
False
Is 238774207597 a prime number?
True
Is 6038191109 a composite number?
False
Is 82241858537 composite?
True
Is 1118031737 prime?
False
Is 5444936707 prime?
False
Is 863266333 a prime number?
False
Is 23693533133 a prime number?
True
Is 16324127233 a composite number?
True
Is 933531323 a prime number?
True
Is 169719931 prime?
False
Is 13314842231 a composite number?
False
Is 7287868231 a composite number?
True
Is 436931527 prime?
False
Is 9329776293 a prime number?
False
Is 573226481 composite?
False
Is 113420137 a prime number?
False
Is 21321063241 prime?
True
Is 43245373117 a prime number?
True
Is 264831512591 a composite number?
True
Is 1141428185 composite?
True
Is 32426658827 a prime number?
True
Is 8314212689 a composite number?
False
Is 1562850403 composite?
False
Is 1089998747 composite?
True
Is 2734537541 a prime number?
True
Is 172999873 prime?
True
Is 87356119498 prime?
False
Is 2017532827 prime?
False
Is 514109459 composite?
False
Is 21779437063 prime?
False
Is 4117982669 prime?
False
Is 30728071483 a composite number?
True
Is 1832823569 a prime number?
True
Is 5226132883 a prime number?
False
Is 72160093 composite?
False
Is 97140349 a composite number?
False
Is 3009925418 prime?
False
Is 17896043999 a prime number?
True
Is 2889792905 a composite number?
True
Is 14911344733 a composite number?
False
Is 78619337 a composite number?
False
Is 2080940447 prime?
False
Is 11679621023 a prime number?
False
Is 419016077 a composite number?
True
Is 180276966257 a composite number?
True
Is 92481887 composite?
True
Is 18793910063 a prime number?
False
Is 5648262761 a prime number?
False
Is 357343301 a composite number?
True
Is 1453947619 prime?
True
Is 3645257513 composite?
False
Is 78130436759 a prime number?
True
Is 11132416037 prime?
True
Is 133738177567 a composite number?
False
Is 54747903499 composite?
False
Is 7579737167 composite?
True
Is 1689473879 a composite number?
False
Is 33539326909 a composite number?
True
Is 11809106583 a composite number?
True
Is 33293831113 prime?
True
Is 12173558651 prime?
True
Is 35258700821 a composite number?
False
Is 70978394987 composite?
False
Is 1755426031 a prime number?
True
Is 73669992793 a composite number?
False
Is 2799335117 prime?
False
Is 65258111 a prime number?
True
Is 3189169793 prime?
True
Is 2887182911 a composite number?
True
Is 65241781622 composite?
True
Is 521904571 a prime number?
False
Is 2086972117 prime?
True
Is 538859821 a composite number?
True
Is 2859378833 a composite number?
True
Is 5056766701 composite?
True
Is 44802854197 a prime number?
True
Is 45802613291 a composite number?
False
Is 52213284281 composite?
False
Is 177392533 composite?
True
Is 165114979 prime?
False
Is 652071729 composite?
True
Is 25641578969 a composite number?
True
Is 263218004479 a composite number?
True
Is 5470875287 a prime number?
False
Is 791030657 prime?
True
Is 21394610851 prime?
True
Is 879892163 composite?
True
Is 3871033577 a prime number?
True
Is 299905157 prime?
True
Is 34071923807 a composite number?
False
Is 641332147 prime?
True
Is 5459843441 a composite number?
True
Is 32902283993 prime?
False
Is 45065068709 composite?
False
Is 6377391427 prime?
False
Is 3004041809 a prime number?
False
Is 81097323 a composite number?
True
Is 4441669151 prime?
True
Is 11632298173 a prime number?
False
Is 463598960707 composite?
False
Is 535538401 composite?
True
Is 757961587 a composite number?
False
Is 1349909963 composite?
True
Is 10883091061 composite?
True
Is 569640553 prime?
True
Is 7807981 a prime number?
False
Is 137309377 a composite number?
False
Is 5771365441 composite?
False
Is 3261422939 composite?
False
Is 37570276361 a prime number?
True
Is 124291703 prime?
True
Is 1419429377 a prime number?
True
Is 8464572307 a prime number?
True
Is 613546853 prime?
True
Is 1286790641 a composite number?
True
Is 3302783093 a composite number?
True
Is 11079736477 a composite number?
False
Is 288560013499 a composite number?
False
Is 1675807879 a composite number?
False
Is 22359809359 composite?
False
Is 10175601131 a prime number?
True
Is 5172269957 composite?
True
Is 10702659343 a composite number?
False
Is 333697949015 a prime number?
False
Is 4545791639 composite?
True
Is 2737773817 prime?
False
Is 144330096563 composite?
False
Is 778897733 composite?
True
Is 1103595587 composite?
False
Is 4217936033 composite?
False
Is 94390239371 composite?
False
Is 44673865 a prime number?
False
Is 9784042621 a composite number?
True
Is 24294423901 composite?
True
Is 32684724203 a composite number?
False
Is 3395785553 a composite number?
False
Is 6689297399 prime?
True
Is 786861577 a prime number?
True
Is 6860878601 a composite number?
True
Is 576558415 a composite number?
True
Is 5204112911 a prime number?
True
Is 18937198733 composite?
True
Is 8781209543 a composite number?
True
Is 1434658297 prime?
True
Is 8757075895 composite?
True
Is 4692375733 a composite number?
False
Is 25069705259 composite?
True
Is 27189654799 prime?
True
Is 3473697814 a composite number?
True
Is 13835728087 composite?
False
Is 122565205583 prime?
False
Is 14368014553 a composite number?
False
Is 160847041 a prime number?
False
Is 389983567 prime?
True
Is 26878647053 a composite number?
False
Is 22542990013 prime?
False
Is 5179651469 a composite number?
True
Is 1517968477 prime?
True
Is 1692262133 prime?
True
Is 223908551 a prime number?
False
Is 1271406377 composite?
False
Is 631507759 composite?
False
Is 90163983229 a prime number?
False
Is 14555351827 a prime number?
False
Is 597842143 prime?
True
Is 7973411711 a prime number?
True
Is 16054954009 prim